 + 34358 = -11637. Is s composite?
False
Let h = 1089850 + 341067. Is h composite?
True
Let b(f) = -f**2 + 2*f + 12. Let x be b(-2). Let y(k) = -6*k + 18. Let p be y(x). Is 2 - 6 - 8406/p a composite number?
True
Let i be (2 - -3)*-5*(-8)/10. Suppose -m - 3*m = 5*l - 4, i = -4*m + l. Is ((-52)/12 - m)*-2811 prime?
True
Let c(y) = 40*y**3 + 20*y**2 - 254*y + 17. Is c(9) prime?
False
Is ((-76997)/3)/(19/(-3) + (-35 - -41)) prime?
False
Suppose 0 = -31*d + 22*d + 36. Suppose -2*x - 2*x = -3*z + 42437, -2*z - d*x = -28278. Is z composite?
False
Let a be 5/1*(22195/25 + 3). Let o = a + -907. Is o a prime number?
True
Let g(x) = x**2 + x - 38. Let j be g(-6). Is (276/30 + j)/(2/65) a composite number?
True
Suppose -10*b + 0*b = 120. Let u be (2 - b)/(10/125). Let o = u - -2062. Is o composite?
False
Let a(s) = s + 37. Let y be a(-23). Suppose y = -i + 17. Suppose 0 = 3*x + 6, 0*l + i*x - 1111 = -l. Is l composite?
False
Let m(c) = 4*c + 36. Let w be m(-8). Suppose -24156 - 20465 = -5*s + 3*q, w*s + 5*q - 35682 = 0. Is s composite?
False
Let h = -91 - -96. Suppose 0*q - 5*j = q + 7, h*j = q - 13. Is 2/(-7) - ((-9192)/28 - q) composite?
False
Let s(c) = -c**2 + c + 1. Let n(a) = 2076*a**2 - 2*a - 2. Let y(z) = n(z) - 3*s(z). Is y(-2) a prime number?
False
Suppose 0 = 6*z - z - 10, 2*b - 4*z = -6. Is b/((74545/(-24845) - -3)/(-2)) a prime number?
True
Let c(r) = 30 - 56*r**3 + 115*r**3 - 58*r**3 - 21*r - 2*r**2 - 13. Is c(7) a composite number?
True
Let b be 31/(((-9)/3)/(-135)). Let a = 6920 - 2746. Let g = a - b. Is g a prime number?
False
Suppose 92 = -7*i + 11*i. Let y(g) = -2*g**3 + 48*g**2 + 26*g - 33. Is y(i) a prime number?
False
Is (-5)/4 + (-275)/100 + 188397 a prime number?
False
Let l(w) = 4725*w**2 - 3*w - 1. Let i = 23 - 24. Is l(i) a prime number?
False
Let z = 199 - 199. Is 2 - (z - 291)*(-517)/(-33) a composite number?
False
Suppose 0 = -10*f + 3880 + 2280. Let d(m) = -4*m**3. Let t be d(-1). Suppose t*c + f = 3180. Is c prime?
True
Let m(i) be the second derivative of i**5/30 - i**4/24 + 19*i**3/6 + 23*i. Let j(q) be the second derivative of m(q). Is j(12) prime?
True
Suppose 4*y + 618400 = 20*y. Let f = -26027 + y. Is f a composite number?
True
Suppose -7*n + 60335 = -12*n. Let z = 17574 + n. Is z a prime number?
True
Suppose 3*k - 2*l = -2955917, 5*k + 3*l = -3597001 - 1329521. Let a be 1 + -1 + k/(-1 - 2). Is ((-8)/26)/(-2) - a/(-65) prime?
False
Let g(k) = -18*k**3 - k**2 - k - 1. Let c be g(-1). Let v(j) = -13 + 3*j + 12*j**2 + 13*j**2 - c*j**2. Is v(-6) prime?
True
Suppose 4*p - 26 = -10*c + 8*c, 3*c + 4*p = 31. Suppose 9*o + 5*y - 408 = 7*o, -1049 = -c*o + 2*y. Is o a composite number?
True
Suppose z + s - 3*s = -8, 0 = s. Let a be 24/10 - z/(-20). Suppose -a*h - 2 = 0, 385 = r - 2*h - h. Is r a composite number?
True
Let o be 6/16*(14 + -6) + 8. Suppose o*x - 1391 - 1392 = 0. Is x composite?
True
Suppose 4*p + 992 = v + 165, 3*p = 3*v - 2526. Let l = v - 149. Is (l - 1) + -3*2/2 composite?
True
Suppose 142*k = 79*k + 79340373. Is k a composite number?
False
Let a(x) = 38*x - 154. Let u be a(4). Suppose -171 = 2*t + t. Is u*(174/(-18))/((-2)/t) composite?
True
Let h(d) = -854*d + 151. Let i(r) = 175*r - 30. Let a(u) = 6*h(u) + 29*i(u). Suppose 0*z = -4*z - 52. Is a(z) composite?
False
Let o(c) = c**3 - c**2 - 9*c + 4. Let n be o(10). Suppose -n = -3*w - 256. Let d = w - 52. Is d a prime number?
False
Let n = 11141 + 45978. Is n composite?
False
Let v = 913 - 910. Suppose -l - 5927 = -d + 13137, -5*d = -v*l - 95330. Is d composite?
False
Let u = 951 + -945. Suppose u*b + 14*z - 9*z = 80217, 5*b - 2*z = 66829. Is b a prime number?
True
Suppose -3*n + 44 = -3*p + 356, 4*n + p + 431 = 0. Is (-1 - n)/(14/1043) composite?
True
Suppose 4*h - 2*w - 2*w = 64, 3*w - 88 = -5*h. Suppose -h*c + 7 = -16*c. Suppose 0 = c*i + 113 - 2346. Is i prime?
False
Is (-2 - 1)/((-9)/(-6)) - -125865 prime?
True
Suppose z = 6*z + t + 76542, 76539 = -5*z - 2*t. Let q = -9962 - z. Is q a prime number?
True
Let m = 45517 + 1412554. Is m composite?
False
Suppose 3*z - 14 = -2. Suppose -4*a + 8552 = z*a. Is a composite?
False
Suppose 0 = -9*f + 12*f, -4*f = 2*b - 30. Suppose 13986 = 2*v - 2*a, 2*a + 7 = b. Is v a prime number?
True
Let q(r) = 7847*r**2 + 14*r + 19. Is q(-2) a composite number?
False
Suppose 36*r = 214*r - 10413534. Is r a composite number?
True
Let p = 52287 + -24124. Is p composite?
False
Let z(r) = -487*r + 5. Let q = 74 - 79. Let t be z(q). Is t + (1 - 0)*-3 a prime number?
True
Suppose 2*v + 2*i = 123892, -4*i + 30790 = 5*v - 278943. Is v a composite number?
False
Suppose -110*h + 113*h = 15. Suppose 0 = -5*z - 4*g + 9849, -h*g = 6 + 14. Is z prime?
True
Let u = 286 + -261. Let b(m) = 5*m**2 - 23*m - 29. Is b(u) prime?
True
Let j(t) = 3*t - 10 + t**2 - 62 + 151. Is j(-25) a composite number?
True
Is (14/(2016/(-90)))/((-2)/675344) prime?
False
Let f(x) be the third derivative of -289*x**6/60 + x**5/60 + x**4/6 + 15*x**2. Let h be f(-3). Suppose 0*z - h = -3*z. Is z a prime number?
False
Suppose -5771*f - 14062246 = -5817*f. Is f a prime number?
False
Let x = 788 - 712. Suppose 68*b + 46344 = x*b. Is b prime?
False
Let n = 5 + -1. Suppose -m - f = -n*f - 7612, 15 = -5*f. Is m prime?
True
Let u = 2722 + 7013. Suppose -8*p + 5*p = -u. Suppose 0*n + 5*m = 5*n - p, 5*n - m - 3237 = 0. Is n prime?
True
Let m = 35 + 832. Let y = -937 + 321. Let f = y + m. Is f prime?
True
Suppose 9*x = 127 - 73. Suppose u = p - 12073, -3*u + 24148 = 2*p - x*u. Is p prime?
True
Let l = -63697 + 108186. Suppose -3*i = -5*g - 100417, -4*g + 89443 = 4*i - l. Is i a composite number?
False
Let j = -3051 + 30. Let f = -2104 - j. Is f a composite number?
True
Let u(w) = -w + 1. Let k(o) = 57*o + 24. Let g(h) = k(h) - 5*u(h). Is g(18) a composite number?
True
Let l(t) = 3*t**3 - 22*t**2 - 40. Suppose -2*o - 3*a + 35 = 0, -4*a - 4 = -2*o + 10. Is l(o) prime?
True
Let v = 3022 + -8232. Let p = 12411 + v. Is p composite?
True
Let n = -37 + 28. Let j(m) = -m + 2. Let t be j(n). Suppose -16*d + t*d = -1655. Is d composite?
False
Suppose 0 = 4*s - 2*x - 29806, -3*s - 1759 + 24111 = x. Is s prime?
True
Is (-2)/(-15) - -4*(-2962415)/(-300) prime?
True
Let d(h) = 58*h**2 + 32*h + 945. Is d(38) composite?
True
Let d(y) = 27*y**3 + 44*y**2 + 201*y - 4. Let c(q) = 5*q**3 + 9*q**2 + 40*q - 1. Let t(f) = -11*c(f) + 2*d(f). Is t(-14) a composite number?
False
Let l(g) = 30*g**2 + 17*g - 2306. Is l(-65) prime?
False
Let n(f) = -3*f + 16. Suppose 3*x - 5*x - 5*j = 17, 4*x - 31 = 3*j. Let v be n(x). Suppose -13*h + 7083 = -v*h. Is h a composite number?
False
Is (77*-515 + (-111)/148)*-4 composite?
True
Let r(m) = 291*m**2 - 2*m. Let w(q) = q**2 + 10*q - 9. Let h be w(-12). Let g(b) = -b**3 + 15*b**2 + b - 16. Let y be g(h). Is r(y) a prime number?
True
Is (-10021400)/(-32) + 10*(-6)/(-240) a composite number?
True
Let g(q) = 857*q - 885. Is g(8) a prime number?
False
Let d = 176 - 160. Suppose -v + 13 = -4*c, 3*c = d - 1. Is v prime?
False
Suppose 2*n = -624 + 3272. Suppose 0 = k - 283 - n. Suppose 11*w = 15707 + k. Is w prime?
False
Let b = 129 + -504. Let o(c) = -2*c**3 - 54*c**2 + 59*c - 34. Let g be o(-28). Let q = g - b. Is q a prime number?
True
Suppose 116694 = 3*i - 5*w, 0 = 2*i + 4*w - 11040 - 66778. Is i prime?
True
Suppose -53 = -11*g - 9. Suppose q - 5*q = -2*j + g, -q = -5*j + 10. Let m(u) = 322*u**3 + u**2 + 2*u - 5. Is m(j) prime?
True
Let z(o) = 41*o - 60. Let q be z(5). Let r = 780 - q. Is r prime?
False
Suppose -22*k = -23*k + 9. Is k/(81/6)*(-9822)/(-4) a prime number?
True
Let j = -1017 + 642. Let m be (-3 - -1)*j - -4. Suppose 972 = 2*z - m. Is z a composite number?
False
Let p(s) = -2313*s**3 - 4*s**2 - 45*s - 151. Is p(-4) prime?
True
Suppose -3*k = c - 7*k - 13, -5*c = k - 44. Suppose 3 = -3*q - c. Is 13534/14 + q/(-14) composite?
False
Let v(i) = 398*i + 77. Let g be (-3)/180*-6 - (-339)/10. Is v(g) prime?
False
Let l = -91 - -85. Let f = 15 + l. Suppose -5*i + f*i - 508 = 0. Is i composite?
False
Let g = 105370 + -23631. Is g a prime number?
False
Suppose -3*g = -i + 5073 + 7904, -4*g - 17324 = 4*i. Let p = g + 8418. Is p prime?
True
Let y(j) = -3*j**3 + j**2 - 6*j - 1. Let f be y(3). Let v = -89 - f. Suppose -a + 1829 = v*u, -4*u = -8*u + 12. Is a a composi